?
321
Calculate the remainder when 116241 is divided by 11.
4
What is the remainder when 33751888 is divided by 135?
133
Calculate the remainder when 120128 is divided by 3855.
623
Calculate the remainder when 8101853 is divided by 16985.
8
Calculate the remainder when 42710770 is divided by 75195.
10
What is the remainder when 469095 is divided by 8229?
42
Calculate the remainder when 71482991 is divided by 28.
27
Calculate the remainder when 14322407 is divided by 231006.
35
What is the remainder when 2832326 is divided by 1989?
1979
What is the remainder when 32481 is divided by 15496?
1489
What is the remainder when 7506489 is divided by 2502133?
90
What is the remainder when 1084423 is divided by 154815?
718
Calculate the remainder when 7224 is divided by 3556.
112
What is the remainder when 36899 is divided by 635?
69
What is the remainder when 410820 is divided by 11103?
9
What is the remainder when 35652404 is divided by 8913070?
124
Calculate the remainder when 3040025 is divided by 45.
5
What is the remainder when 2083968 is divided by 13?
3
Calculate the remainder when 1764755 is divided by 84.
83
Calculate the remainder when 191134 is divided by 5449.
419
What is the remainder when 1009701 is divided by 72118?
49
What is the remainder when 125155 is divided by 22?
19
Calculate the remainder when 4699624 is divided by 5964.
5956
Calculate the remainder when 713471 is divided by 2151.
1490
What is the remainder when 44178529 is divided by 185624?
17
Calculate the remainder when 1134580 is divided by 2306.
28
Calculate the remainder when 63047 is divided by 3312.
119
Calculate the remainder when 168598 is divided by 3664.
54
What is the remainder when 3248186 is divided by 51?
47
Calculate the remainder when 5674993 is divided by 1134996.
13
What is the remainder when 131226 is divided by 21862?
54
What is the remainder when 185679 is divided by 23181?
231
What is the remainder when 2790745 is divided by 3587?
59
Calculate the remainder when 9803960 is divided by 500.
460
Calculate the remainder when 118774 is divided by 35.
19
What is the remainder when 17412674 is divided by 51?
50
Calculate the remainder when 182757 is divided by 1871.
1270
What is the remainder when 14513 is divided by 2821?
408
What is the remainder when 205314 is divided by 326?
260
What is the remainder when 3265788 is divided by 4337?
27
Calculate the remainder when 5553920 is divided by 61032.
8
What is the remainder when 489290 is divided by 1039?
960
What is the remainder when 12262127 is divided by 4087307?
206
Calculate the remainder when 1881099 is divided by 332.
319
Calculate the remainder when 372163 is divided by 1344.
1219
What is the remainder when 23623295 is divided by 63?
59
Calculate the remainder when 1339804 is divided by 669870.
64
What is the remainder when 83104963 is divided by 286?
227
What is the remainder when 93750 is divided by 5900?
5250
Calculate the remainder when 44391 is divided by 259.
102
Calculate the remainder when 917850023 is divided by 1368.
1367
What is the remainder when 210973 is divided by 2138?
1449
Calculate the remainder when 27528132 is divided by 2294009.
24
What is the remainder when 13364568 is divided by 1849?
1845
Calculate the remainder when 3495269 is divided by 151968.
5
What is the remainder when 1186326 is divided by 1317?
1026
What is the remainder when 16605680 is divided by 12?
8
Calculate the remainder when 93009047 is divided by 2284.
2283
What is the remainder when 5027010 is divided by 3?
0
What is the remainder when 6099862 is divided by 434?
426
Calculate the remainder when 115650 is divided by 5855.
4405
Calculate the remainder when 64362687 is divided by 14.
11
Calculate the remainder when 1193376 is divided by 2712.
96
Calculate the remainder when 545225 is divided by 136300.
25
What is the remainder when 82021099 is divided by 1900?
1899
Calculate the remainder when 146738781 is divided by 274.
273
What is the remainder when 4823 is divided by 354?
221
Calculate the remainder when 44982 is divided by 20.
2
What is the remainder when 410617 is divided by 129?
10
Calculate the remainder when 24234191 is divided by 221.
215
Calculate the remainder when 1689881 is divided by 46.
25
Calculate the remainder when 135323 is divided by 42825.
6848
What is the remainder when 6263190 is divided by 11597?
810
Calculate the remainder when 5360246 is divided by 6667.
6645
Calculate the remainder when 98207 is divided by 11591.
5479
Calculate the remainder when 480516988 is divided by 2888.
2884
What is the remainder when 1146899 is divided by 5261?
1
What is the remainder when 344498 is divided by 17168?
1138
What is the remainder when 3807497 is divided by 247?
239
What is the remainder when 16444243 is divided by 24?
19
Calculate the remainder when 33953922 is divided by 1030.
1002
Calculate the remainder when 446074649 is divided by 805.
804
Calculate the remainder when 81851542 is divided by 602.
10
What is the remainder when 41565 is divided by 4146?
105
Calculate the remainder when 594328 is divided by 2277.
31
What is the remainder when 69412 is divided by 1135?
177
What is the remainder when 839778302 is divided by 21?
20
What is the remainder when 746243 is divided by 16060?
7483
Calculate the remainder when 64361125 is divided by 13.
10
What is the remainder when 2229247 is divided by 1720?
127
What is the remainder when 343782483 is divided by 3114?
3111
Calculate the remainder when 1143926 is divided by 142967.
190
Calculate the remainder when 701496 is divided by 701468.
28
What is the remainder when 33875 is divided by 178?
55
Calculate the remainder when 84209 is divided by 10474.
417
What is the remainder when 1050739 is divided by 61?
14
What is the remainder when 9104952 is divided by 320?
312
Calculate the remainder when 996926 is divided by 3498.
3494
What is the remainder when 10218 is divided by 46?
6
What is the remainder when 64120020 is divided by 38?
36
Calculate the remainder when 309221 is divided by 165.
11
What is the remainder when 203780594 is divided by 14?
10
What is the remainder when 8013893 is divided by 2586?
2465
What is the remainder when 8335 is divided by 44?
19
Calculate the remainder when 625946 is divided by 1891.
25
Calculate the remainder when 758260 is divided by 24.
4
Calculate the remainder when 772215 is divided by 95114.
11303
Calculate the remainder when 3588343 is divided by 448539.
31
Calculate the remainder when 5670672 is divided by 1395.
1392
What is the remainder when 3621788 is divided by 362171?
78
What is the remainder when 7074624 is divided by 2358176?
96
What is the remainder when 5304611 is divided by 1800?
11
What is the remainder when 5527542 is divided by 494?
176
Calculate the remainder when 401163 is divided by 13369.
93
Calculate the remainder when 3448466 is divided by 3.
2
Calculate the remainder when 461357625 is divided by 27.
12
Calculate the remainder when 321148 is divided by 2732.
1504
What is the remainder when 29399 is divided by 5875?
24
Calculate the remainder when 67539 is divided by 4.
3
What is the remainder when 74666961 is divided by 87?
81
What is the remainder when 8745166 is divided by 16?
14
What is the remainder when 1438091 is divided by 3534?
3287
Calculate the remainder when 127094 is divided by 6688.
22
What is the remainder when 1919041 is divided by 198?
25
Calculate the remainder when 86285593 is divided by 183.
178
Calculate the remainder when 21776 is divided by 113.
80
Calculate the remainder when 10966704 is divided by 13374.
24
Calculate the remainder when 1414964 is divided by 299.
96
What is the remainder when 616849 is divided by 305958?
4933
Calculate the remainder when 107978293 is divided by 488.
485
What is the remainder when 27828886 is divided by 4950?
4936
Calculate the remainder when 665287 is divided by 221758.
13
What is the remainder when 20203 is divided by 3154?
1279
Calculate the remainder when 4870541 is divided by 51.
41
What is the remainder when 536243641 is divided by 378?
367
Calculate the remainder when 163269168 is divided by 117.
114
Calculate the remainder when 1051403 is divided by 235.
13
Calculate the remainder when 19885386 is divided by 482.
476
Calculate the remai